n millions digit of 5545701167?
4
What is the ten millions digit of 111665317?
1
What is the tens digit of 12781251?
5
What is the hundred thousands digit of 64212864?
2
What is the billions digit of 3136277655?
3
What is the hundreds digit of 426945335?
3
What is the millions digit of 2049783512?
9
What is the hundred millions digit of 356864710?
3
What is the tens digit of 117250564?
6
What is the ten thousands digit of 3117530740?
3
What is the ten thousands digit of 63078358?
7
What is the ten millions digit of 135632633?
3
What is the ten millions digit of 51981647?
5
What is the hundreds digit of 646624293?
2
What is the hundreds digit of 2561866817?
8
What is the hundreds digit of 126335538?
5
What is the hundred thousands digit of 1613638156?
6
What is the tens digit of 47905285?
8
What is the tens digit of 1636255351?
5
What is the millions digit of 1316885764?
6
What is the ten millions digit of 80315946?
8
What is the millions digit of 6401525157?
1
What is the hundred thousands digit of 2125216422?
2
What is the units digit of 47526899?
9
What is the ten thousands digit of 4762585995?
8
What is the hundred thousands digit of 85753857?
7
What is the units digit of 65029571?
1
What is the ten millions digit of 19751840?
1
What is the ten thousands digit of 649172074?
7
What is the hundred millions digit of 146373716?
1
What is the hundreds digit of 48744682?
6
What is the thousands digit of 246327777?
7
What is the hundred thousands digit of 3137182156?
1
What is the ten thousands digit of 341239805?
3
What is the tens digit of 244997994?
9
What is the hundreds digit of 18671385?
3
What is the thousands digit of 67050152?
0
What is the hundreds digit of 59169058?
0
What is the hundreds digit of 115929561?
5
What is the thousands digit of 401073596?
3
What is the ten thousands digit of 62275458?
7
What is the thousands digit of 1944226?
4
What is the ten millions digit of 711531141?
1
What is the tens digit of 1479103806?
0
What is the ten thousands digit of 508939133?
3
What is the billions digit of 1873068922?
1
What is the units digit of 258991210?
0
What is the tens digit of 3384313504?
0
What is the ten millions digit of 3323487588?
2
What is the thousands digit of 3478616643?
6
What is the ten millions digit of 37513321?
3
What is the hundred thousands digit of 1516124821?
1
What is the units digit of 70330401?
1
What is the millions digit of 63113863?
3
What is the hundred thousands digit of 2532824231?
8
What is the hundred millions digit of 802455846?
8
What is the hundred millions digit of 110381625?
1
What is the millions digit of 211311558?
1
What is the tens digit of 36006543?
4
What is the hundreds digit of 25636753?
7
What is the hundred thousands digit of 2371790402?
7
What is the hundred thousands digit of 373734212?
7
What is the hundred thousands digit of 59821534?
8
What is the millions digit of 33164795?
3
What is the hundred thousands digit of 229909145?
9
What is the hundred thousands digit of 1550949401?
9
What is the hundred thousands digit of 28825510?
8
What is the ten millions digit of 107297959?
0
What is the millions digit of 206593367?
6
What is the hundred millions digit of 1791385893?
7
What is the hundred millions digit of 5823259897?
8
What is the ten thousands digit of 131207717?
0
What is the thousands digit of 3192843692?
3
What is the thousands digit of 5142684002?
4
What is the ten thousands digit of 753015968?
1
What is the hundred millions digit of 2781060696?
7
What is the millions digit of 845991063?
5
What is the billions digit of 1639662687?
1
What is the hundred millions digit of 696413309?
6
What is the millions digit of 275726833?
5
What is the ten thousands digit of 52156630?
5
What is the units digit of 3362324?
4
What is the millions digit of 4021064?
4
What is the hundred millions digit of 167907915?
1
What is the hundreds digit of 262532960?
9
What is the millions digit of 16113956?
6
What is the thousands digit of 260781653?
1
What is the units digit of 138058386?
6
What is the hundred millions digit of 3084981466?
0
What is the ten thousands digit of 84927013?
2
What is the ten millions digit of 1673777987?
7
What is the ten millions digit of 151816106?
5
What is the thousands digit of 445342601?
2
What is the hundred millions digit of 3086069087?
0
What is the ten thousands digit of 1081500237?
0
What is the hundred thousands digit of 169697088?
6
What is the thousands digit of 260417553?
7
What is the tens digit of 579322104?
0
What is the tens digit of 23055540?
4
What is the hundred millions digit of 591865497?
5
What is the hundred thousands digit of 311120675?
1
What is the millions digit of 2353118972?
3
What is the billions digit of 2881792959?
2
What is the units digit of 191825983?
3
What is the millions digit of 2085272050?
5
What is the thousands digit of 991992466?
2
What is the tens digit of 1174606600?
0
What is the millions digit of 71935983?
1
What is the hundred thousands digit of 485114309?
1
What is the ten millions digit of 2731379270?
3
What is the thousands digit of 172504810?
4
What is the tens digit of 145804464?
6
What is the ten millions digit of 538696269?
3
What is the hundred thousands digit of 176637676?
6
What is the hundred thousands digit of 427785835?
7
What is the millions digit of 630627792?
0
What is the thousands digit of 40150874?
0
What is the millions digit of 70155674?
0
What is the units digit of 2978721356?
6
What is the ten thousands digit of 184970719?
7
What is the hundred thousands digit of 220133114?
1
What is the hundred millions digit of 1614764715?
6
What is the hundreds digit of 31222071?
0
What is the ten millions digit of 1976348800?
7
What is the hundreds digit of 1419222324?
3
What is the tens digit of 240413236?
3
What is the units digit of 162276173?
3
What is the units digit of 246854783?
3
What is the hundreds digit of 2517405480?
4
What is the hundred thousands digit of 1860422752?
4
What is the millions digit of 238892985?
8
What is the tens digit of 137319486?
8
What is the hundreds digit of 437316480?
4
What is the ten thousands digit of 58623292?
2
What is the thousands digit of 1214141292?
1
What is the units digit of 3728711?
1
What is the thousands digit of 524581825?
1
What is the billions digit of 5784250007?
5
What is the hundreds digit of 929512683?
6
What is the units digit of 149416482?
2
What is the hundreds digit of 5141193291?
2
What is the hundred millions digit of 121668580?
1
What is the millions digit of 24240749?
4
What is the hundred millions digit of 3724263856?
7
What is the ten millions digit of 418525472?
1
What is the tens digit of 234488989?
8
What is the hundreds digit of 2289789347?
3
What is the thousands digit of 95786729?
6
What is the hundred millions digit of 1060186228?
0
What is the hundred thousands digit of 152925375?
9
What is the ten thousands digit of 89883?
8
What is the hundred millions digit of 651351895?
6
What is the hundred millions digit of 133262693?
1
What is the units digit of 1307796735?
5
What is the tens digit of 1845777214?
1
What is the hundred millions digit of 2069955160?
0
What is the thousands digit of 770630747?
0
What is the hundreds digit of 214625310?
3
What is the ten thousands digit of 8338346?
3
What is the tens digit of 109015221?
2
What is the units digit of 2562004053?
3
What is the hundred thousands digit of 1033893743?
8
What is the hundreds digit of 140358138?
1
What is the tens digit of 30231514?
1
What is the millions digit of 2764538771?
4
What is the tens digit of 488166565?
6
What is the thousands digit of 42017392?
7
What is the millions digit of 2852536584?
2
What is the thousands digit of 705204293?
4
What is the millions digit of 295034510?
5
What is the ten thousands digit of 31921184?
2
What is the thousands digit of 621960056?
0
What is the thousands digit of 48574435?
4
What is the billions digit of 4504113961?
4
What is the millions digit of 160358226?
0
What is the hundreds digit of 6117768925?
9
What is the hundreds digit of 1418931869?
8
What is the tens digit of 13163496?
9
What is the thousands digit of 4524726543?
6
What is the millions digit of 820437970?
0
What is the millions digit of 2471560032?
1
What is the hundred